{"id":71,"date":"2014-12-27T14:35:36","date_gmt":"2014-12-27T14:35:36","guid":{"rendered":"http:\/\/holzhandel-winterthur.ch\/saege\/?page_id=71"},"modified":"2016-01-15T08:51:28","modified_gmt":"2016-01-15T08:51:28","slug":"allgemeines","status":"publish","type":"page","link":"http:\/\/holzhandel-winterthur.ch\/?page_id=71","title":{"rendered":"Allgemeines"},"content":{"rendered":"<p>Alle Blockbands\u00e4gen nach dem Ausliefern sofort einsatzbereit. Sie brauchen f\u00fcr die Inbetriebnahme kein zus\u00e4tzliches Verbrauchsmaterial oder Werkzeug.<\/p>\n<p><strong>Argumente f\u00fcr eine eigene S\u00e4ge:<\/strong><\/p>\n<ul>\n<li>Keine S\u00e4gekosten beim S\u00e4gewerk<\/li>\n<li>Hin- und -R\u00fccktransport sowie Aufwand entfallen<\/li>\n<li>Keine Wartezeit beim S\u00e4gewerk<\/li>\n<li>Flexibles und spontanes S\u00e4gen innerhalb Ihres Zeitfensters<\/li>\n<li>S\u00e4gen und Aufh\u00f6lzeln in nur einem Arbeitsgang<\/li>\n<li>Schneiden nach Ihren Vorstellungen<\/li>\n<li>Kaum Wertverlust da solide\/robuste Maschine nach alter Schlosserhandwerkskunst<\/li>\n<li>Keine Verschraubungen (nur geschwei\u00dft)<\/li>\n<li>einfache Technik \/ Vorteil: keine Reparaturen<\/li>\n<\/ul>\n<hr \/>\n<p><code>\t\t\t\t\t\t<div class=\"gallery_box_single\">\n\t\t\t\t\t\t\t<div id='gallery-1' class='gallery galleryid-149 gallery-columns-3 gallery-size-thumbnail'><figure class='gallery-item'>\n\t\t\t<div class='gallery-icon landscape'>\n\t\t\t\t<a href='http:\/\/holzhandel-winterthur.ch\/?attachment_id=57'><img width=\"150\" height=\"150\" src=\"http:\/\/holzhandel-winterthur.ch\/wp-content\/uploads\/2014\/12\/blockbandsaege-Schienen-150x150.jpg\" class=\"attachment-thumbnail size-thumbnail\" alt=\"Blockbands\u00e4gen Schienen\" decoding=\"async\" loading=\"lazy\" aria-describedby=\"gallery-1-57\" \/><\/a>\n\t\t\t<\/div>\n\t\t\t\t<figcaption class='wp-caption-text gallery-caption' id='gallery-1-57'>\n\t\t\t\tBlockbands\u00e4gen Schienen\n\t\t\t\t<\/figcaption><\/figure><figure class='gallery-item'>\n\t\t\t<div class='gallery-icon landscape'>\n\t\t\t\t<a href='http:\/\/holzhandel-winterthur.ch\/?attachment_id=58'><img width=\"150\" height=\"150\" src=\"http:\/\/holzhandel-winterthur.ch\/wp-content\/uploads\/2014\/12\/blockbandsaege-Schleifapparat-150x150.jpg\" class=\"attachment-thumbnail size-thumbnail\" alt=\"Blockbands\u00e4ge Schleifapparat\" decoding=\"async\" loading=\"lazy\" aria-describedby=\"gallery-1-58\" \/><\/a>\n\t\t\t<\/div>\n\t\t\t\t<figcaption class='wp-caption-text gallery-caption' id='gallery-1-58'>\n\t\t\t\tBlockbands\u00e4ge Schleifapparat\n\t\t\t\t<\/figcaption><\/figure><figure class='gallery-item'>\n\t\t\t<div class='gallery-icon landscape'>\n\t\t\t\t<a href='http:\/\/holzhandel-winterthur.ch\/?attachment_id=56'><img width=\"150\" height=\"150\" src=\"http:\/\/holzhandel-winterthur.ch\/wp-content\/uploads\/2014\/12\/blockbandsaege-mit-abdeckung-150x150.jpg\" class=\"attachment-thumbnail size-thumbnail\" alt=\"Blockbands\u00e4ge mit Abdeckung\" decoding=\"async\" loading=\"lazy\" aria-describedby=\"gallery-1-56\" \/><\/a>\n\t\t\t<\/div>\n\t\t\t\t<figcaption class='wp-caption-text gallery-caption' id='gallery-1-56'>\n\t\t\t\tBlockbands\u00e4ge mit Abdeckung\n\t\t\t\t<\/figcaption><\/figure><figure class='gallery-item'>\n\t\t\t<div class='gallery-icon landscape'>\n\t\t\t\t<a href='http:\/\/holzhandel-winterthur.ch\/?attachment_id=55'><img width=\"150\" height=\"150\" src=\"http:\/\/holzhandel-winterthur.ch\/wp-content\/uploads\/2014\/12\/blockbandsaege-Hinteransicht-150x150.jpg\" class=\"attachment-thumbnail size-thumbnail\" alt=\"Blockbands\u00e4ge Hinteransicht\" decoding=\"async\" loading=\"lazy\" aria-describedby=\"gallery-1-55\" \/><\/a>\n\t\t\t<\/div>\n\t\t\t\t<figcaption class='wp-caption-text gallery-caption' id='gallery-1-55'>\n\t\t\t\tBlockbands\u00e4ge Hinteransicht\n\t\t\t\t<\/figcaption><\/figure><figure class='gallery-item'>\n\t\t\t<div class='gallery-icon portrait'>\n\t\t\t\t<a href='http:\/\/holzhandel-winterthur.ch\/?attachment_id=52'><img width=\"150\" height=\"150\" src=\"http:\/\/holzhandel-winterthur.ch\/wp-content\/uploads\/2014\/12\/blockbandsaege-bandsaege-mobil-150x150.jpg\" class=\"attachment-thumbnail size-thumbnail\" alt=\"Blockbands\u00e4ge Mobil\" decoding=\"async\" loading=\"lazy\" aria-describedby=\"gallery-1-52\" \/><\/a>\n\t\t\t<\/div>\n\t\t\t\t<figcaption class='wp-caption-text gallery-caption' id='gallery-1-52'>\n\t\t\t\tBlockbands\u00e4ge Mobil\n\t\t\t\t<\/figcaption><\/figure><figure class='gallery-item'>\n\t\t\t<div class='gallery-icon landscape'>\n\t\t\t\t<a href='http:\/\/holzhandel-winterthur.ch\/?attachment_id=220'><img width=\"150\" height=\"150\" src=\"http:\/\/holzhandel-winterthur.ch\/wp-content\/uploads\/2016\/01\/S\u00e4ge_mit_Anh\u00e4nger-150x150.jpg\" class=\"attachment-thumbnail size-thumbnail\" alt=\"S\u00e4ge mit Anh\u00e4nger\" decoding=\"async\" loading=\"lazy\" aria-describedby=\"gallery-1-220\" \/><\/a>\n\t\t\t<\/div>\n\t\t\t\t<figcaption class='wp-caption-text gallery-caption' id='gallery-1-220'>\n\t\t\t\tS\u00e4ge optional mit Anh\u00e4nger\n\t\t\t\t<\/figcaption><\/figure>\n\t\t<\/div>\n\r\n\r\n<div style=\"width: 640px;\" class=\"wp-video\"><!--[if lt IE 9]><script>document.createElement('video');<\/script><![endif]-->\n<video class=\"wp-video-shortcode\" id=\"video-149-1\" width=\"640\" height=\"360\" preload=\"metadata\" controls=\"controls\"><source type=\"video\/mp4\" src=\"http:\/\/holzhandel-winterthur.ch\/wp-content\/uploads\/2016\/04\/VID_20160404_103335.mp4?_=1\" \/><a href=\"http:\/\/holzhandel-winterthur.ch\/wp-content\/uploads\/2016\/04\/VID_20160404_103335.mp4\">http:\/\/holzhandel-winterthur.ch\/wp-content\/uploads\/2016\/04\/VID_20160404_103335.mp4<\/a><\/video><\/div>\r\n\r\n<div style=\"width: 640px;\" class=\"wp-video\"><video class=\"wp-video-shortcode\" id=\"video-149-2\" width=\"640\" height=\"360\" preload=\"metadata\" controls=\"controls\"><source type=\"video\/mp4\" src=\"http:\/\/holzhandel-winterthur.ch\/wp-content\/uploads\/2016\/04\/VID_20160404_104346.mp4?_=2\" \/><a href=\"http:\/\/holzhandel-winterthur.ch\/wp-content\/uploads\/2016\/04\/VID_20160404_104346.mp4\">http:\/\/holzhandel-winterthur.ch\/wp-content\/uploads\/2016\/04\/VID_20160404_104346.mp4<\/a><\/video><\/div>\r\n\r\n<div style=\"width: 640px;\" class=\"wp-video\"><video class=\"wp-video-shortcode\" id=\"video-149-3\" width=\"640\" height=\"360\" preload=\"metadata\" controls=\"controls\"><source type=\"video\/mp4\" src=\"http:\/\/holzhandel-winterthur.ch\/wp-content\/uploads\/2016\/12\/VID-20161211-WA0003.mp4?_=3\" \/><a href=\"http:\/\/holzhandel-winterthur.ch\/wp-content\/uploads\/2016\/12\/VID-20161211-WA0003.mp4\">http:\/\/holzhandel-winterthur.ch\/wp-content\/uploads\/2016\/12\/VID-20161211-WA0003.mp4<\/a><\/video><\/div>\t\t\t\t\t\t<\/div><!-- .gallery_box_single -->\n\t\t\t\t\t\t<div class=\"gllr_clear\"><\/div>\n\t\t\t\t\t\t<\/code><\/p>\n","protected":false},"excerpt":{"rendered":"<p>Alle Blockbands\u00e4gen nach dem Ausliefern sofort einsatzbereit. Sie brauchen f\u00fcr die Inbetriebnahme kein zus\u00e4tzliches Verbrauchsmaterial oder Werkzeug. Argumente f\u00fcr eine eigene S\u00e4ge: Keine S\u00e4gekosten beim S\u00e4gewerk Hin- und -R\u00fccktransport sowie Aufwand entfallen Keine Wartezeit beim S\u00e4gewerk Flexibles und spontanes S\u00e4gen innerhalb Ihres Zeitfensters S\u00e4gen und Aufh\u00f6lzeln in nur einem Arbeitsgang Schneiden nach Ihren Vorstellungen Kaum &hellip; <a href=\"http:\/\/holzhandel-winterthur.ch\/?gallery=149-2\" class=\"more-link\"><span class=\"screen-reader-text\">Gallerie Blockbands\u00e4ge<\/span> weiterlesen<\/a><\/p>\n","protected":false},"author":1,"featured_media":0,"parent":0,"menu_order":0,"comment_status":"closed","ping_status":"closed","template":"","meta":[],"_links":{"self":[{"href":"http:\/\/holzhandel-winterthur.ch\/index.php?rest_route=\/wp\/v2\/pages\/71"}],"collection":[{"href":"http:\/\/holzhandel-winterthur.ch\/index.php?rest_route=\/wp\/v2\/pages"}],"about":[{"href":"http:\/\/holzhandel-winterthur.ch\/index.php?rest_route=\/wp\/v2\/types\/page"}],"author":[{"embeddable":true,"href":"http:\/\/holzhandel-winterthur.ch\/index.php?rest_route=\/wp\/v2\/users\/1"}],"replies":[{"embeddable":true,"href":"http:\/\/holzhandel-winterthur.ch\/index.php?rest_route=%2Fwp%2Fv2%2Fcomments&post=71"}],"version-history":[{"count":8,"href":"http:\/\/holzhandel-winterthur.ch\/index.php?rest_route=\/wp\/v2\/pages\/71\/revisions"}],"predecessor-version":[{"id":222,"href":"http:\/\/holzhandel-winterthur.ch\/index.php?rest_route=\/wp\/v2\/pages\/71\/revisions\/222"}],"wp:attachment":[{"href":"http:\/\/holzhandel-winterthur.ch\/index.php?rest_route=%2Fwp%2Fv2%2Fmedia&parent=71"}],"curies":[{"name":"wp","href":"https:\/\/api.w.org\/{rel}","templated":true}]}}

<p>Alle Blockbandsägen nach dem Ausliefern sofort einsatzbereit. Sie brauchen für die Inbetriebnahme kein zusätzliches Verbrauchsmaterial oder Werkzeug.</p>
<p><strong>Argumente für eine eigene Säge:</strong></p>
<ul>
<li>Keine Sägekosten beim Sägewerk</li>
<li>Hin- und -Rücktransport sowie Aufwand entfallen</li>
<li>Keine Wartezeit beim Sägewerk</li>
<li>Flexibles und spontanes Sägen innerhalb Ihres Zeitfensters</li>
<li>Sägen und Aufhölzeln in nur einem Arbeitsgang</li>
<li>Schneiden nach Ihren Vorstellungen</li>
<li>Kaum Wertverlust da solide/robuste Maschine nach alter Schlosserhandwerkskunst</li>
<li>Keine Verschraubungen (nur geschweißt)</li>
<li>einfache Technik / Vorteil: keine Reparaturen</li>
</ul>
<hr />
<p><code>						<div class="gallery_box_single">
							<div id='gallery-1' class='gallery galleryid-149 gallery-columns-3 gallery-size-thumbnail'><figure class='gallery-item'>
			<div class='gallery-icon landscape'>
				<a href='http://holzhandel-winterthur.ch/?attachment_id=57'><img width="150" height="150" src="http://holzhandel-winterthur.ch/wp-content/uploads/2014/12/blockbandsaege-Schienen-150x150.jpg" class="attachment-thumbnail size-thumbnail" alt="Blockbandsägen Schienen" decoding="async" loading="lazy" aria-describedby="gallery-1-57" /></a>
			</div>
				<figcaption class='wp-caption-text gallery-caption' id='gallery-1-57'>
				Blockbandsägen Schienen
				</figcaption></figure><figure class='gallery-item'>
			<div class='gallery-icon landscape'>
				<a href='http://holzhandel-winterthur.ch/?attachment_id=58'><img width="150" height="150" src="http://holzhandel-winterthur.ch/wp-content/uploads/2014/12/blockbandsaege-Schleifapparat-150x150.jpg" class="attachment-thumbnail size-thumbnail" alt="Blockbandsäge Schleifapparat" decoding="async" loading="lazy" aria-describedby="gallery-1-58" /></a>
			</div>
				<figcaption class='wp-caption-text gallery-caption' id='gallery-1-58'>
				Blockbandsäge Schleifapparat
				</figcaption></figure><figure class='gallery-item'>
			<div class='gallery-icon landscape'>
				<a href='http://holzhandel-winterthur.ch/?attachment_id=56'><img width="150" height="150" src="http://holzhandel-winterthur.ch/wp-content/uploads/2014/12/blockbandsaege-mit-abdeckung-150x150.jpg" class="attachment-thumbnail size-thumbnail" alt="Blockbandsäge mit Abdeckung" decoding="async" loading="lazy" aria-describedby="gallery-1-56" /></a>
			</div>
				<figcaption class='wp-caption-text gallery-caption' id='gallery-1-56'>
				Blockbandsäge mit Abdeckung
				</figcaption></figure><figure class='gallery-item'>
			<div class='gallery-icon landscape'>
				<a href='http://holzhandel-winterthur.ch/?attachment_id=55'><img width="150" height="150" src="http://holzhandel-winterthur.ch/wp-content/uploads/2014/12/blockbandsaege-Hinteransicht-150x150.jpg" class="attachment-thumbnail size-thumbnail" alt="Blockbandsäge Hinteransicht" decoding="async" loading="lazy" aria-describedby="gallery-1-55" /></a>
			</div>
				<figcaption class='wp-caption-text gallery-caption' id='gallery-1-55'>
				Blockbandsäge Hinteransicht
				</figcaption></figure><figure class='gallery-item'>
			<div class='gallery-icon portrait'>
				<a href='http://holzhandel-winterthur.ch/?attachment_id=52'><img width="150" height="150" src="http://holzhandel-winterthur.ch/wp-content/uploads/2014/12/blockbandsaege-bandsaege-mobil-150x150.jpg" class="attachment-thumbnail size-thumbnail" alt="Blockbandsäge Mobil" decoding="async" loading="lazy" aria-describedby="gallery-1-52" /></a>
			</div>
				<figcaption class='wp-caption-text gallery-caption' id='gallery-1-52'>
				Blockbandsäge Mobil
				</figcaption></figure><figure class='gallery-item'>
			<div class='gallery-icon landscape'>
				<a href='http://holzhandel-winterthur.ch/?attachment_id=220'><img width="150" height="150" src="http://holzhandel-winterthur.ch/wp-content/uploads/2016/01/Säge_mit_Anhänger-150x150.jpg" class="attachment-thumbnail size-thumbnail" alt="Säge mit Anhänger" decoding="async" loading="lazy" aria-describedby="gallery-1-220" /></a>
			</div>
				<figcaption class='wp-caption-text gallery-caption' id='gallery-1-220'>
				Säge optional mit Anhänger
				</figcaption></figure>
		</div>


<div style="width: 640px;" class="wp-video"><!--[if lt IE 9]><script>document.createElement('video');</script><![endif]-->
<video class="wp-video-shortcode" id="video-149-1" width="640" height="360" preload="metadata" controls="controls"><source type="video/mp4" src="http://holzhandel-winterthur.ch/wp-content/uploads/2016/04/VID_20160404_103335.mp4?_=1" /><a href="http://holzhandel-winterthur.ch/wp-content/uploads/2016/04/VID_20160404_103335.mp4">http://holzhandel-winterthur.ch/wp-content/uploads/2016/04/VID_20160404_103335.mp4</a></video></div>

<div style="width: 640px;" class="wp-video"><video class="wp-video-shortcode" id="video-149-2" width="640" height="360" preload="metadata" controls="controls"><source type="video/mp4" src="http://holzhandel-winterthur.ch/wp-content/uploads/2016/04/VID_20160404_104346.mp4?_=2" /><a href="http://holzhandel-winterthur.ch/wp-content/uploads/2016/04/VID_20160404_104346.mp4">http://holzhandel-winterthur.ch/wp-content/uploads/2016/04/VID_20160404_104346.mp4</a></video></div>

<div style="width: 640px;" class="wp-video"><video class="wp-video-shortcode" id="video-149-3" width="640" height="360" preload="metadata" controls="controls"><source type="video/mp4" src="http://holzhandel-winterthur.ch/wp-content/uploads/2016/12/VID-20161211-WA0003.mp4?_=3" /><a href="http://holzhandel-winterthur.ch/wp-content/uploads/2016/12/VID-20161211-WA0003.mp4">http://holzhandel-winterthur.ch/wp-content/uploads/2016/12/VID-20161211-WA0003.mp4</a></video></div>						</div><!-- .gallery_box_single -->
						<div class="gllr_clear"></div>
						</code></p>

<p>Alle Blockbandsägen nach dem Ausliefern sofort einsatzbereit. Sie brauchen für die Inbetriebnahme kein zusätzliches Verbrauchsmaterial oder Werkzeug. Argumente für eine eigene Säge: Keine Sägekosten beim Sägewerk Hin- und -Rücktransport sowie Aufwand entfallen Keine Wartezeit beim Sägewerk Flexibles und spontanes Sägen innerhalb Ihres Zeitfensters Sägen und Aufhölzeln in nur einem Arbeitsgang Schneiden nach Ihren Vorstellungen Kaum &hellip; <a href="http://holzhandel-winterthur.ch/?gallery=149-2" class="more-link"><span class="screen-reader-text">Gallerie Blockbandsäge</span> weiterlesen</a></p>
