{"id":20,"date":"2014-12-27T13:36:56","date_gmt":"2014-12-27T13:36:56","guid":{"rendered":"http:\/\/holzhandel-winterthur.ch\/saege\/?page_id=20"},"modified":"2022-02-20T10:31:17","modified_gmt":"2022-02-20T10:31:17","slug":"blockbandsaege-115-2","status":"publish","type":"page","link":"http:\/\/holzhandel-winterthur.ch\/?page_id=20","title":{"rendered":"Blockbands\u00e4ge 115"},"content":{"rendered":"<p>Preis: 10.500 CHf (mit Anh\u00e4nger 13.500 CHF)<\/p>\n<p><strong>Neu sind unsere S\u00e4gen mit hydraulischer Blattspannung ausger\u00fcstet<\/strong><\/p>\n<ul>\n<li>Unser Standardmodell mit einer maximalen Schnittbreite\/Stammdurchmesser von 115 cm<\/li>\n<\/ul>\n<ul>\n<li>Gelieferte L\u00e4nge der S\u00e4ge: 9 Meter (3 x 3-Meterst\u00fccke, erweiterbar)<\/li>\n<\/ul>\n<ul>\n<li>Inklusive detailierter Bedieungsanleitung sowie n\u00f6tigem Zubeh\u00f6r<\/li>\n<\/ul>\n<div id=\"it_ArticleDescription\" class=\"description\">\n<ul>\n<li>Inklusive elektrischer Sch\u00e4rfapparat (S\u00e4geband kann selbst\u00e4ndig geschliffen werden)<\/li>\n<\/ul>\n<ul>\n<li>Inklusive elektrischer H\u00f6hen- und Tiefenverstellung<\/li>\n<\/ul>\n<ul>\n<li>verschr\u00e4nktes S\u00e4geblatt, jeder Zahn einzeln geh\u00e4rtet,<\/li>\n<\/ul>\n<ul>\n<li>Blockbands\u00e4ge f\u00fcr Laub-, Nadel-, gefrorenes oder trockenes Holz geeignet<\/li>\n<\/ul>\n<ul>\n<li>Sehr massive, verschweisste Konstruktion aus Stahl (kein billiger China-Import)<\/li>\n<\/ul>\n<ul>\n<li>Mit einem Benzinmotor (Rotek aus \u00d6sterreich, Infos auf gleichnamiger Webseite) sowie Elektrostarter mit Batterie, daher kein Strom f\u00fcr Betrieb erforderlich (Verbrauch 1,5 Liter Benzin pro Stunde) <strong>inklusive 2 Jahre Garantie<\/strong><\/li>\n<\/ul>\n<ul>\n<li>Optimal f\u00fcr Landwirte und Waldbesitzer, da die S\u00e4ge auch im Wald plaziert werden kann.<\/li>\n<\/ul>\n<ul>\n<li>Auch mit Elektromotor erh\u00e4ltlich.<\/li>\n<\/ul>\n<ul>\n<li>Besichtigung und Vorf\u00fchrung in Winterthur nach telefonischer Absprache m\u00f6glich<\/li>\n<\/ul>\n<ul>\n<li>Alle Teile (z.B. Kugellager, Keilriemen) sowie S\u00e4gebl\u00e4tter k\u00f6nnen jederzeit nachbestellt werden<\/li>\n<\/ul>\n<ul>\n<li>Sehr robuste, wartungsarme und langlebige Maschine<\/li>\n<\/ul>\n<ul>\n<li>\u00dcberzeugen Sie sich bei einer kleinen Vorf\u00fchrung an meiner eigenen Maschine<\/li>\n<\/ul>\n<ul>\n<li>dicke der geschnittenen Bretter min. 3 mm! max .<\/li>\n<\/ul>\n<ul>\n<li>Plattform : geliefert 9 m L\u00e4nge! in 3-Meter langen St\u00fccken!<\/li>\n<\/ul>\n<p><code>\t\t\t\t\t\t<div class=\"gallery_box_single\">\n\t\t\t\t\t\t\t<div id='gallery-1' class='gallery galleryid-149 gallery-columns-3 gallery-size-thumbnail'><figure class='gallery-item'>\n\t\t\t<div class='gallery-icon landscape'>\n\t\t\t\t<a href='http:\/\/holzhandel-winterthur.ch\/?attachment_id=57'><img width=\"150\" height=\"150\" src=\"http:\/\/holzhandel-winterthur.ch\/wp-content\/uploads\/2014\/12\/blockbandsaege-Schienen-150x150.jpg\" class=\"attachment-thumbnail size-thumbnail\" alt=\"Blockbands\u00e4gen Schienen\" decoding=\"async\" loading=\"lazy\" aria-describedby=\"gallery-1-57\" \/><\/a>\n\t\t\t<\/div>\n\t\t\t\t<figcaption class='wp-caption-text gallery-caption' id='gallery-1-57'>\n\t\t\t\tBlockbands\u00e4gen Schienen\n\t\t\t\t<\/figcaption><\/figure><figure class='gallery-item'>\n\t\t\t<div class='gallery-icon landscape'>\n\t\t\t\t<a href='http:\/\/holzhandel-winterthur.ch\/?attachment_id=58'><img width=\"150\" height=\"150\" src=\"http:\/\/holzhandel-winterthur.ch\/wp-content\/uploads\/2014\/12\/blockbandsaege-Schleifapparat-150x150.jpg\" class=\"attachment-thumbnail size-thumbnail\" alt=\"Blockbands\u00e4ge Schleifapparat\" decoding=\"async\" loading=\"lazy\" aria-describedby=\"gallery-1-58\" \/><\/a>\n\t\t\t<\/div>\n\t\t\t\t<figcaption class='wp-caption-text gallery-caption' id='gallery-1-58'>\n\t\t\t\tBlockbands\u00e4ge Schleifapparat\n\t\t\t\t<\/figcaption><\/figure><figure class='gallery-item'>\n\t\t\t<div class='gallery-icon landscape'>\n\t\t\t\t<a href='http:\/\/holzhandel-winterthur.ch\/?attachment_id=56'><img width=\"150\" height=\"150\" src=\"http:\/\/holzhandel-winterthur.ch\/wp-content\/uploads\/2014\/12\/blockbandsaege-mit-abdeckung-150x150.jpg\" class=\"attachment-thumbnail size-thumbnail\" alt=\"Blockbands\u00e4ge mit Abdeckung\" decoding=\"async\" loading=\"lazy\" aria-describedby=\"gallery-1-56\" \/><\/a>\n\t\t\t<\/div>\n\t\t\t\t<figcaption class='wp-caption-text gallery-caption' id='gallery-1-56'>\n\t\t\t\tBlockbands\u00e4ge mit Abdeckung\n\t\t\t\t<\/figcaption><\/figure><figure class='gallery-item'>\n\t\t\t<div class='gallery-icon landscape'>\n\t\t\t\t<a href='http:\/\/holzhandel-winterthur.ch\/?attachment_id=55'><img width=\"150\" height=\"150\" src=\"http:\/\/holzhandel-winterthur.ch\/wp-content\/uploads\/2014\/12\/blockbandsaege-Hinteransicht-150x150.jpg\" class=\"attachment-thumbnail size-thumbnail\" alt=\"Blockbands\u00e4ge Hinteransicht\" decoding=\"async\" loading=\"lazy\" aria-describedby=\"gallery-1-55\" \/><\/a>\n\t\t\t<\/div>\n\t\t\t\t<figcaption class='wp-caption-text gallery-caption' id='gallery-1-55'>\n\t\t\t\tBlockbands\u00e4ge Hinteransicht\n\t\t\t\t<\/figcaption><\/figure><figure class='gallery-item'>\n\t\t\t<div class='gallery-icon portrait'>\n\t\t\t\t<a href='http:\/\/holzhandel-winterthur.ch\/?attachment_id=52'><img width=\"150\" height=\"150\" src=\"http:\/\/holzhandel-winterthur.ch\/wp-content\/uploads\/2014\/12\/blockbandsaege-bandsaege-mobil-150x150.jpg\" class=\"attachment-thumbnail size-thumbnail\" alt=\"Blockbands\u00e4ge Mobil\" decoding=\"async\" loading=\"lazy\" aria-describedby=\"gallery-1-52\" \/><\/a>\n\t\t\t<\/div>\n\t\t\t\t<figcaption class='wp-caption-text gallery-caption' id='gallery-1-52'>\n\t\t\t\tBlockbands\u00e4ge Mobil\n\t\t\t\t<\/figcaption><\/figure><figure class='gallery-item'>\n\t\t\t<div class='gallery-icon landscape'>\n\t\t\t\t<a href='http:\/\/holzhandel-winterthur.ch\/?attachment_id=220'><img width=\"150\" height=\"150\" src=\"http:\/\/holzhandel-winterthur.ch\/wp-content\/uploads\/2016\/01\/S\u00e4ge_mit_Anh\u00e4nger-150x150.jpg\" class=\"attachment-thumbnail size-thumbnail\" alt=\"S\u00e4ge mit Anh\u00e4nger\" decoding=\"async\" loading=\"lazy\" aria-describedby=\"gallery-1-220\" \/><\/a>\n\t\t\t<\/div>\n\t\t\t\t<figcaption class='wp-caption-text gallery-caption' id='gallery-1-220'>\n\t\t\t\tS\u00e4ge optional mit Anh\u00e4nger\n\t\t\t\t<\/figcaption><\/figure>\n\t\t<\/div>\n\r\n\r\n<div style=\"width: 640px;\" class=\"wp-video\"><!--[if lt IE 9]><script>document.createElement('video');<\/script><![endif]-->\n<video class=\"wp-video-shortcode\" id=\"video-149-1\" width=\"640\" height=\"360\" preload=\"metadata\" controls=\"controls\"><source type=\"video\/mp4\" src=\"http:\/\/holzhandel-winterthur.ch\/wp-content\/uploads\/2016\/04\/VID_20160404_103335.mp4?_=1\" \/><a href=\"http:\/\/holzhandel-winterthur.ch\/wp-content\/uploads\/2016\/04\/VID_20160404_103335.mp4\">http:\/\/holzhandel-winterthur.ch\/wp-content\/uploads\/2016\/04\/VID_20160404_103335.mp4<\/a><\/video><\/div>\r\n\r\n<div style=\"width: 640px;\" class=\"wp-video\"><video class=\"wp-video-shortcode\" id=\"video-149-2\" width=\"640\" height=\"360\" preload=\"metadata\" controls=\"controls\"><source type=\"video\/mp4\" src=\"http:\/\/holzhandel-winterthur.ch\/wp-content\/uploads\/2016\/04\/VID_20160404_104346.mp4?_=2\" \/><a href=\"http:\/\/holzhandel-winterthur.ch\/wp-content\/uploads\/2016\/04\/VID_20160404_104346.mp4\">http:\/\/holzhandel-winterthur.ch\/wp-content\/uploads\/2016\/04\/VID_20160404_104346.mp4<\/a><\/video><\/div>\r\n\r\n<div style=\"width: 640px;\" class=\"wp-video\"><video class=\"wp-video-shortcode\" id=\"video-149-3\" width=\"640\" height=\"360\" preload=\"metadata\" controls=\"controls\"><source type=\"video\/mp4\" src=\"http:\/\/holzhandel-winterthur.ch\/wp-content\/uploads\/2016\/12\/VID-20161211-WA0003.mp4?_=3\" \/><a href=\"http:\/\/holzhandel-winterthur.ch\/wp-content\/uploads\/2016\/12\/VID-20161211-WA0003.mp4\">http:\/\/holzhandel-winterthur.ch\/wp-content\/uploads\/2016\/12\/VID-20161211-WA0003.mp4<\/a><\/video><\/div>\t\t\t\t\t\t<\/div><!-- .gallery_box_single -->\n\t\t\t\t\t\t<div class=\"gllr_clear\"><\/div>\n\t\t\t\t\t\t<\/code><\/p>\n<\/div>\n","protected":false},"excerpt":{"rendered":"<p>Preis: 10.500 CHf (mit Anh\u00e4nger 13.500 CHF) Neu sind unsere S\u00e4gen mit hydraulischer Blattspannung ausger\u00fcstet Unser Standardmodell mit einer maximalen Schnittbreite\/Stammdurchmesser von 115 cm Gelieferte L\u00e4nge der S\u00e4ge: 9 Meter (3 x 3-Meterst\u00fccke, erweiterbar) Inklusive detailierter Bedieungsanleitung sowie n\u00f6tigem Zubeh\u00f6r Inklusive elektrischer Sch\u00e4rfapparat (S\u00e4geband kann selbst\u00e4ndig geschliffen werden) Inklusive elektrischer H\u00f6hen- und Tiefenverstellung verschr\u00e4nktes S\u00e4geblatt, &hellip; <a href=\"http:\/\/holzhandel-winterthur.ch\/?gallery=149-2\" class=\"more-link\"><span class=\"screen-reader-text\">Gallerie Blockbands\u00e4ge<\/span> weiterlesen<\/a><\/p>\n","protected":false},"author":1,"featured_media":0,"parent":0,"menu_order":0,"comment_status":"closed","ping_status":"closed","template":"","meta":[],"_links":{"self":[{"href":"http:\/\/holzhandel-winterthur.ch\/index.php?rest_route=\/wp\/v2\/pages\/20"}],"collection":[{"href":"http:\/\/holzhandel-winterthur.ch\/index.php?rest_route=\/wp\/v2\/pages"}],"about":[{"href":"http:\/\/holzhandel-winterthur.ch\/index.php?rest_route=\/wp\/v2\/types\/page"}],"author":[{"embeddable":true,"href":"http:\/\/holzhandel-winterthur.ch\/index.php?rest_route=\/wp\/v2\/users\/1"}],"replies":[{"embeddable":true,"href":"http:\/\/holzhandel-winterthur.ch\/index.php?rest_route=%2Fwp%2Fv2%2Fcomments&post=20"}],"version-history":[{"count":13,"href":"http:\/\/holzhandel-winterthur.ch\/index.php?rest_route=\/wp\/v2\/pages\/20\/revisions"}],"predecessor-version":[{"id":276,"href":"http:\/\/holzhandel-winterthur.ch\/index.php?rest_route=\/wp\/v2\/pages\/20\/revisions\/276"}],"wp:attachment":[{"href":"http:\/\/holzhandel-winterthur.ch\/index.php?rest_route=%2Fwp%2Fv2%2Fmedia&parent=20"}],"curies":[{"name":"wp","href":"https:\/\/api.w.org\/{rel}","templated":true}]}}