{"id":220,"date":"2016-01-15T08:44:58","date_gmt":"2016-01-15T08:44:58","guid":{"rendered":"http:\/\/holzhandel-winterthur.ch\/wp-content\/uploads\/2016\/01\/S\u00e4ge_mit_Anh\u00e4nger.jpg"},"modified":"2016-01-15T08:48:37","modified_gmt":"2016-01-15T08:48:37","slug":"saege_mit_anhaenger","status":"inherit","type":"attachment","link":"http:\/\/holzhandel-winterthur.ch\/?attachment_id=220","title":{"rendered":"S\u00e4ge mit Anh\u00e4nger"},"author":1,"comment_status":"closed","ping_status":"closed","template":"","meta":[],"description":{"rendered":"<p class=\"attachment\"><a href='http:\/\/holzhandel-winterthur.ch\/wp-content\/uploads\/2016\/01\/S\u00e4ge_mit_Anh\u00e4nger.jpg'><img width=\"300\" height=\"218\" src=\"http:\/\/holzhandel-winterthur.ch\/wp-content\/uploads\/2016\/01\/S\u00e4ge_mit_Anh\u00e4nger-300x218.jpg\" class=\"attachment-medium size-medium\" alt=\"S\u00e4ge mit Anh\u00e4nger\" decoding=\"async\" loading=\"lazy\" srcset=\"http:\/\/holzhandel-winterthur.ch\/wp-content\/uploads\/2016\/01\/S\u00e4ge_mit_Anh\u00e4nger-300x218.jpg 300w, http:\/\/holzhandel-winterthur.ch\/wp-content\/uploads\/2016\/01\/S\u00e4ge_mit_Anh\u00e4nger-768x558.jpg 768w, http:\/\/holzhandel-winterthur.ch\/wp-content\/uploads\/2016\/01\/S\u00e4ge_mit_Anh\u00e4nger-1024x744.jpg 1024w, http:\/\/holzhandel-winterthur.ch\/wp-content\/uploads\/2016\/01\/S\u00e4ge_mit_Anh\u00e4nger.jpg 1755w\" sizes=\"(max-width: 300px) 100vw, 300px\" \/><\/a><\/p>\n<p>S\u00e4ge mit Anh\u00e4nger<\/p>\n"},"caption":{"rendered":"<p>S\u00e4ge optional mit Anh\u00e4nger<\/p>\n"},"alt_text":"S\u00e4ge mit Anh\u00e4nger","media_type":"image","mime_type":"image\/jpeg","media_details":{"width":1755,"height":1275,"file":"2016\/01\/S\u00e4ge_mit_Anh\u00e4nger.jpg","sizes":{"thumbnail":{"file":"S\u00e4ge_mit_Anh\u00e4nger-150x150.jpg","width":150,"height":150,"mime_type":"image\/jpeg","source_url":"http:\/\/holzhandel-winterthur.ch\/wp-content\/uploads\/2016\/01\/S\u00e4ge_mit_Anh\u00e4nger-150x150.jpg"},"medium":{"file":"S\u00e4ge_mit_Anh\u00e4nger-300x218.jpg","width":300,"height":218,"mime_type":"image\/jpeg","source_url":"http:\/\/holzhandel-winterthur.ch\/wp-content\/uploads\/2016\/01\/S\u00e4ge_mit_Anh\u00e4nger-300x218.jpg"},"medium_large":{"file":"S\u00e4ge_mit_Anh\u00e4nger-768x558.jpg","width":768,"height":558,"mime_type":"image\/jpeg","source_url":"http:\/\/holzhandel-winterthur.ch\/wp-content\/uploads\/2016\/01\/S\u00e4ge_mit_Anh\u00e4nger-768x558.jpg"},"large":{"file":"S\u00e4ge_mit_Anh\u00e4nger-1024x744.jpg","width":1024,"height":744,"mime_type":"image\/jpeg","source_url":"http:\/\/holzhandel-winterthur.ch\/wp-content\/uploads\/2016\/01\/S\u00e4ge_mit_Anh\u00e4nger-1024x744.jpg"},"post-thumbnail":{"file":"S\u00e4ge_mit_Anh\u00e4nger-825x510.jpg","width":825,"height":510,"mime_type":"image\/jpeg","source_url":"http:\/\/holzhandel-winterthur.ch\/wp-content\/uploads\/2016\/01\/S\u00e4ge_mit_Anh\u00e4nger-825x510.jpg"},"album-thumb":{"file":"S\u00e4ge_mit_Anh\u00e4nger-120x80.jpg","width":120,"height":80,"mime_type":"image\/jpeg","source_url":"http:\/\/holzhandel-winterthur.ch\/wp-content\/uploads\/2016\/01\/S\u00e4ge_mit_Anh\u00e4nger-120x80.jpg"},"photo-thumb":{"file":"S\u00e4ge_mit_Anh\u00e4nger-160x120.jpg","width":160,"height":120,"mime_type":"image\/jpeg","source_url":"http:\/\/holzhandel-winterthur.ch\/wp-content\/uploads\/2016\/01\/S\u00e4ge_mit_Anh\u00e4nger-160x120.jpg"},"full":{"file":"S\u00e4ge_mit_Anh\u00e4nger.jpg","width":1755,"height":1275,"mime_type":"image\/jpeg","source_url":"http:\/\/holzhandel-winterthur.ch\/wp-content\/uploads\/2016\/01\/S\u00e4ge_mit_Anh\u00e4nger.jpg"}},"image_meta":{"aperture":0,"credit":"","camera":"","caption":"","created_timestamp":0,"copyright":"","focal_length":0,"iso":0,"shutter_speed":0,"title":"","orientation":0,"keywords":[]}},"post":null,"source_url":"http:\/\/holzhandel-winterthur.ch\/wp-content\/uploads\/2016\/01\/S\u00e4ge_mit_Anh\u00e4nger.jpg","_links":{"self":[{"href":"http:\/\/holzhandel-winterthur.ch\/index.php?rest_route=\/wp\/v2\/media\/220"}],"collection":[{"href":"http:\/\/holzhandel-winterthur.ch\/index.php?rest_route=\/wp\/v2\/media"}],"about":[{"href":"http:\/\/holzhandel-winterthur.ch\/index.php?rest_route=\/wp\/v2\/types\/attachment"}],"author":[{"embeddable":true,"href":"http:\/\/holzhandel-winterthur.ch\/index.php?rest_route=\/wp\/v2\/users\/1"}],"replies":[{"embeddable":true,"href":"http:\/\/holzhandel-winterthur.ch\/index.php?rest_route=%2Fwp%2Fv2%2Fcomments&post=220"}]}}

http://holzhandel-winterthur.ch/wp-content/uploads/2016/01/Säge_mit_Anhänger.jpg

Säge mit Anhänger

<p class="attachment"><a href='http://holzhandel-winterthur.ch/wp-content/uploads/2016/01/Säge_mit_Anhänger.jpg'><img width="300" height="218" src="http://holzhandel-winterthur.ch/wp-content/uploads/2016/01/Säge_mit_Anhänger-300x218.jpg" class="attachment-medium size-medium" alt="Säge mit Anhänger" decoding="async" loading="lazy" srcset="http://holzhandel-winterthur.ch/wp-content/uploads/2016/01/Säge_mit_Anhänger-300x218.jpg 300w, http://holzhandel-winterthur.ch/wp-content/uploads/2016/01/Säge_mit_Anhänger-768x558.jpg 768w, http://holzhandel-winterthur.ch/wp-content/uploads/2016/01/Säge_mit_Anhänger-1024x744.jpg 1024w, http://holzhandel-winterthur.ch/wp-content/uploads/2016/01/Säge_mit_Anhänger.jpg 1755w" sizes="(max-width: 300px) 100vw, 300px" /></a></p>
<p>Säge mit Anhänger</p>

<p>Säge optional mit Anhänger</p>

2016/01/Säge_mit_Anhänger.jpg

Säge_mit_Anhänger-150x150.jpg

http://holzhandel-winterthur.ch/wp-content/uploads/2016/01/Säge_mit_Anhänger-150x150.jpg

Säge_mit_Anhänger-300x218.jpg

http://holzhandel-winterthur.ch/wp-content/uploads/2016/01/Säge_mit_Anhänger-300x218.jpg

Säge_mit_Anhänger-768x558.jpg

http://holzhandel-winterthur.ch/wp-content/uploads/2016/01/Säge_mit_Anhänger-768x558.jpg

Säge_mit_Anhänger-1024x744.jpg

http://holzhandel-winterthur.ch/wp-content/uploads/2016/01/Säge_mit_Anhänger-1024x744.jpg

Säge_mit_Anhänger-825x510.jpg

http://holzhandel-winterthur.ch/wp-content/uploads/2016/01/Säge_mit_Anhänger-825x510.jpg

Säge_mit_Anhänger-120x80.jpg

http://holzhandel-winterthur.ch/wp-content/uploads/2016/01/Säge_mit_Anhänger-120x80.jpg

Säge_mit_Anhänger-160x120.jpg

http://holzhandel-winterthur.ch/wp-content/uploads/2016/01/Säge_mit_Anhänger-160x120.jpg

Säge_mit_Anhänger.jpg
